.
41
What is the highest common divisor of 161140 and 340?
20
What is the highest common divisor of 474 and 54?
6
Calculate the greatest common factor of 152781 and 6.
3
Calculate the highest common divisor of 1015 and 435.
145
What is the highest common divisor of 4009 and 2736?
19
Calculate the greatest common factor of 158 and 262043.
79
What is the highest common divisor of 12002 and 391?
17
Calculate the greatest common divisor of 408 and 51459.
51
Calculate the greatest common factor of 468429 and 26.
13
What is the highest common divisor of 61 and 2034167?
61
What is the highest common factor of 504 and 14238?
126
Calculate the greatest common divisor of 10376615 and 5.
5
What is the greatest common divisor of 28808 and 1768?
104
What is the greatest common divisor of 99 and 315711?
99
What is the highest common divisor of 368 and 482402?
46
Calculate the greatest common factor of 369382 and 364.
26
What is the highest common factor of 1177516 and 116?
116
Calculate the greatest common divisor of 384 and 526092.
12
What is the highest common divisor of 792 and 112248?
72
Calculate the highest common divisor of 18136 and 337783.
2267
What is the highest common factor of 438160 and 640?
80
Calculate the greatest common divisor of 240 and 290976.
48
What is the highest common factor of 2117 and 15476?
73
What is the highest common divisor of 986 and 8483?
17
What is the greatest common divisor of 679478 and 57?
19
What is the greatest common divisor of 2231872 and 1376?
1376
What is the highest common factor of 25650 and 20?
10
What is the highest common divisor of 30327 and 22?
11
Calculate the greatest common factor of 248 and 105617.
31
Calculate the greatest common divisor of 29 and 33321.
29
Calculate the highest common factor of 32280 and 270.
30
Calculate the greatest common factor of 269534 and 19.
19
Calculate the highest common divisor of 76 and 2093534.
38
Calculate the highest common divisor of 3939 and 9984.
39
What is the greatest common factor of 3198 and 218694?
246
Calculate the highest common factor of 704 and 187.
11
What is the highest common divisor of 13050 and 2430?
90
Calculate the greatest common factor of 117 and 46917.
117
Calculate the greatest common factor of 1791855 and 390.
195
Calculate the greatest common factor of 102104 and 56.
8
What is the highest common divisor of 14571 and 18?
9
Calculate the greatest common divisor of 30508 and 696.
116
What is the greatest common factor of 4178 and 682?
2
Calculate the highest common factor of 74853 and 48.
3
What is the greatest common factor of 10 and 47195?
5
Calculate the highest common divisor of 1040533 and 1441.
131
What is the greatest common divisor of 2971360 and 64?
32
What is the greatest common factor of 67 and 17621?
67
Calculate the highest common divisor of 708 and 51153.
177
What is the highest common divisor of 1649 and 970?
97
Calculate the greatest common factor of 5892669 and 69.
69
What is the highest common divisor of 12 and 39756?
12
Calculate the highest common factor of 330778 and 938.
14
Calculate the highest common divisor of 714 and 261681.
357
What is the greatest common factor of 35 and 913829?
7
What is the greatest common factor of 13475 and 2125?
25
Calculate the highest common factor of 81696 and 26196.
444
Calculate the greatest common factor of 572 and 96756.
44
What is the greatest common divisor of 136 and 21250?
34
Calculate the greatest common factor of 6 and 45758.
2
What is the greatest common factor of 48 and 7113?
3
Calculate the highest common divisor of 134 and 5204426.
134
What is the greatest common factor of 5934246 and 1038?
1038
What is the highest common divisor of 2898 and 95266?
46
Calculate the highest common factor of 85635 and 495.
495
Calculate the highest common divisor of 36848 and 70.
14
What is the greatest common divisor of 13061 and 9531?
353
What is the greatest common divisor of 2000 and 5360?
80
Calculate the greatest common factor of 224 and 391328.
224
Calculate the highest common factor of 6319 and 1207.
71
What is the highest common divisor of 85 and 537319?
17
What is the greatest common factor of 4114 and 36601?
17
What is the highest common divisor of 400 and 3850?
50
Calculate the highest common factor of 223903 and 1.
1
What is the greatest common divisor of 180964 and 322?
322
What is the greatest common divisor of 646880 and 11024?
208
What is the greatest common factor of 5870 and 24410?
10
Calculate the highest common factor of 2525 and 100697.
101
What is the highest common divisor of 13068 and 81?
27
What is the greatest common divisor of 230720 and 6489?
721
Calculate the greatest common divisor of 6908 and 33284.
628
What is the greatest common divisor of 487082 and 4302?
478
What is the highest common divisor of 4103191 and 31?
31
What is the greatest common divisor of 3122 and 210?
14
Calculate the highest common divisor of 16467 and 1298.
11
What is the greatest common divisor of 26631 and 891?
99
Calculate the highest common divisor of 12726 and 45.
9
Calculate the highest common factor of 48 and 233232.
48
Calculate the highest common factor of 17640 and 98.
98
What is the highest common factor of 93248 and 329?
47
Calculate the greatest common divisor of 7439 and 3483.
43
Calculate the greatest common factor of 1152 and 129744.
144
What is the highest common divisor of 63369 and 63?
9
Calculate the highest common divisor of 18044 and 6604.
52
Calculate the highest common divisor of 80643 and 63.
3
What is the greatest common divisor of 273 and 2518971?
273
What is the highest common divisor of 1850889 and 177?
177
Calculate the greatest common divisor of 1040 and 3635320.
520
Calculate the highest common factor of 116449 and 8549.
83
What is the highest common divisor of 5494 and 19434?
82
Calculate the highest common divisor of 59 and 20977.
1
What is the highest common factor of 5325 and 7881?
213
What is the highest common divisor of 53820 and 200?
20
What is the highest common factor of 795 and 619358?
53
Calculate the highest common factor of 1803989 and 209.
11
What is the highest common divisor of 64484 and 376?
188
Calculate the greatest common divisor of 117 and 18759.
39
Calculate the highest common divisor of 57 and 49.
1
Calculate the highest common divisor of 34 and 1502749.
17
What is the highest common factor of 158098 and 274?
274
Calculate the greatest common divisor of 24750 and 330.
330
What is the highest common factor of 9628 and 249?
83
What is the highest common divisor of 849002 and 44?
22
What is the highest common divisor of 1494 and 7840014?
498
What is the greatest common factor of 2649897 and 474?
237
Calculate the highest common divisor of 187 and 472039.
17
Calculate the highest common divisor of 18428 and 680.
68
Calculate the highest common factor of 6882 and 11904.
186
What is the highest common factor of 44 and 413996?
44
What is the greatest common divisor of 530 and 582205?
265
Calculate the greatest common divisor of 2336607 and 405.
81
What is the highest common factor of 269090 and 1420?
710
What is the highest common divisor of 173352 and 1736?
248
What is the highest common factor of 195 and 7709?
13
Calculate the greatest common factor of 22185 and 7344.
153
What is the greatest common divisor of 54480 and 41995?
1135
What is the greatest common divisor of 70426 and 782?
46
What is the highest common factor of 315120 and 40?
40
Calculate the highest common divisor of 22892 and 120668.
388
What is the highest common factor of 5603 and 39?
13
Calculate the greatest common factor of 4144 and 13727.
259
What is the greatest common divisor of 572 and 73424?
52
Calculate the highest common factor of 29936 and 40.
8
What is the highest common divisor of 241452 and 684?
684
What is the highest common factor of 32619 and 11004?
393
What is the highest common factor of 943632 and 1872?
144
What is the highest common factor of 40 and 4390?
10
What is the highest common divisor of 25566 and 12?
6
What is the highest common factor of 18337 and 253?
11
Calculate the highest common divisor of 12193 and 137.
137
Calculate the highest common factor of 580657 and 28.
7
Calculate the greatest common factor of 341153 and 389.
389
What is the highes